et f = p - -72. List the prime factors of f.
2, 11
Suppose -8*w + 70 = 6*w. Suppose -3*y - w*j + 653 = 0, 3*j + 145 = y - 96. List the prime factors of y.
2, 113
Let n be (0 - -7) + -7 - 7 - 1. Let r be -18 - (-2)/(-4)*2. List the prime factors of r*n/(-12)*-6.
2, 19
Suppose 118 = 6*m - 98. Suppose 28 + m = -2*q. List the prime factors of (q/40)/(1/(-45)).
2, 3
Let u be (-3672)/(-14) + (-24)/84. Suppose 7*l = 5*l + u. List the prime factors of l.
131
Let f = 274 + -92. Suppose 0*i - f = -2*i. List the prime factors of i.
7, 13
Let n(a) = -a**2 - 2*a. Let d be n(0). Suppose -8 = -5*t - 4*q, -t + 2*q - 3*q + 1 = d. Suppose 72 = t*s - 0*s. List the prime factors of s.
2, 3
Suppose -2 - 2 = 2*p. Let u(s) = -s**2 + 4*s + 6. Let z be u(5). List the prime factors of ((-15)/6 - z)*p.
7
List the prime factors of (-3 - -4)*(794 - -3).
797
Let o = -14 - -14. Suppose 170 = -o*x + 5*x. Suppose 5*p - 6*p = -x. List the prime factors of p.
2, 17
Let v be 1/(1/(-30))*74/(-4). Suppose -46*u + 41*u = -v. List the prime factors of u.
3, 37
Suppose 24*l = 18*l + 1716. List the prime factors of l.
2, 11, 13
Let g = -19 - -21. Suppose 4*c = -4*t + 312, 0 = -g*c + t + t + 140. List the prime factors of c.
2, 37
What are the prime factors of 11/(44/(-1560))*24/(-20)?
2, 3, 13
Suppose -5*z - 5*c + 15 = 0, 4*c = 5*z + c - 23. Suppose 5*g + 357 + 98 = 5*u, -g - 361 = -z*u. Suppose 5*s - u = -30. What are the prime factors of s?
2, 3
Let y(b) = -239*b - 11. Let i be y(-1). Suppose 0 = -4*u + 5*g + 219, 0 = -4*u - 5*g + g + i. List the prime factors of u.
2, 7
Suppose -4*v + 5*m + 3074 + 12193 = 0, -3*v + 11452 = -2*m. List the prime factors of v.
2, 23, 83
Suppose -1297 = -5*g - 0*d + 3*d, -2*d - 1298 = -5*g. List the prime factors of g.
2, 5, 13
Let y = -130 - -663. List the prime factors of y.
13, 41
List the prime factors of 3*(3 + (-3000)/(-9)).
1009
Suppose 17505 = -194*b + 203*b. List the prime factors of b.
5, 389
Let c = 11 - 11. Suppose 5*y - 2*u = 144 + 11, c = y + 4*u - 53. List the prime factors of y.
3, 11
What are the prime factors of 6 + 11 + 3894 + -6?
5, 11, 71
Suppose 4*v - 3709 = -5*f, -4*v - 884 = 4*f - 3852. What are the prime factors of f?
3, 13, 19
Suppose 2612 = 2*s + 2*b, 12*s - 7*s - 4*b = 6566. List the prime factors of s.
2, 5, 131
Suppose 0 = 10*l + 951 + 1229. Let d = l + 306. List the prime factors of d.
2, 11
Let r = 115 - -13. What are the prime factors of (446/(-8))/((-32)/r)?
223
Suppose 5*s - 9*s - 4*g + 9944 = 0, -5*s = g - 12434. What are the prime factors of s?
3, 829
Let g be (1/(-4)*-4 - 2)*46. Let i = g - -114. What are the prime factors of i?
2, 17
Let d(i) = 2 - 6*i - 85*i**2 - 99*i**2 - i**3 + 194*i**2. List the prime factors of d(7).
107
Suppose 0 = 457*g - 454*g - 4551. List the prime factors of g.
37, 41
Let v(m) = -3*m + 7. Let j be v(10). Let x = -4 - j. Let u = x + -5. What are the prime factors of u?
2, 7
Let d = 19 + -12. Suppose f - d*f + 30 = 0. What are the prime factors of f?
5
Let i(k) = -k**3 + 4*k**2 - 2*k - 1. Let r be i(2). Let x(u) = -1375*u + 1 + 693*u + 691*u. What are the prime factors of x(r)?
2, 7
Suppose 3*s - s = 30. Suppose 6*w = 75 - s. What are the prime factors of w*4*(-9)/(-6)?
2, 3, 5
Suppose -2*y - 3*u + 73 = 0, 0*y - 154 = -5*y + 2*u. Let z = 34 - y. Suppose -4*f + 0*f - 114 = -z*s, 2*s + 2*f = 126. What are the prime factors of s?
61
Let y = -86 - -83. What are the prime factors of -1 - y - -72*2?
2, 73
Let p(f) = f**2 - 6*f - 7. Let n(x) = -x**2 + x + 1. Let k(q) = -4*n(q) - p(q). Let b be k(-2). Let o = 8 + b. List the prime factors of o.
19
What are the prime factors of (15426/(-42) - -3)/((-15)/70)?
2, 5, 17
Suppose 4*q - 4*k - 4514 = 5094, -5*k = -4*q + 9607. List the prime factors of q.
3, 89
Let m(z) = 5*z**3 + 31*z**2 - 4*z**3 + z - 36*z**2 + 2 + 5. What are the prime factors of m(5)?
2, 3
Let k = 5920 - 4229. List the prime factors of k.
19, 89
Let a(d) = d**2 - 5*d - 3. Let h be a(6). Suppose -q = 3*k - 40, -5*k + 36 = h*q - 68. What are the prime factors of q?
2, 7
Let w(i) = -31 + 13*i - 30*i + 12*i. What are the prime factors of w(-16)?
7
Let k(r) = 31*r - 1. Let t be k(3). Suppose -5*x + 18 = -3*i, x = -0*x + 2*i + 5. List the prime factors of (-12)/18 + t/x.
2, 3, 5
Let q = 124 - 178. Let g = q - -31. Let a = 7 - g. What are the prime factors of a?
2, 3, 5
Let h(d) = d**3 + 8*d**2 + 9*d - 1. Let o be h(-7). Let q = 57 + o. List the prime factors of q.
2, 3, 7
Let a = -6 + 10. Let l(f) = f**3 + 9*f**2 + 6*f - 11. Let w be l(-8). List the prime factors of w*(144/20)/a.
3
What are the prime factors of (-5496)/(-18)*(-120)/(-16)?
2, 5, 229
Suppose 2*i - 16 = 3*d, 2*d = -3*i + 12 - 1. Let c(z) = 78 + z - 74 - 9*z + 2*z**2. What are the prime factors of c(i)?
2, 7
Let z(k) = k**2 - 9*k - 3. Let u be z(3). Let r be (-39)/4 - 1/4. Let x = r - u. List the prime factors of x.
11
Let j = 18 + -10. Suppose 0 = -28*d + 16*d + 204. Let l = d - j. What are the prime factors of l?
3
Suppose 2*g = -2*g - 228. Let p = g + 98. Suppose -4*q + p = -31. What are the prime factors of q?
2, 3
Let v(y) = y**2 + 5*y + 12. Let c = 19 - 13. What are the prime factors of v(c)?
2, 3, 13
Let f = -4 - 0. Let i be 3 - 33/(1 + f). Suppose -i*b = -16*b + 10. What are the prime factors of b?
5
Suppose 17*x - 10394 - 5399 = 0. What are the prime factors of x?
929
Suppose 0*w = -3*w - 9. List the prime factors of 18*6/(-27)*w.
2, 3
Let y(f) = -3*f + 1. Let i(t) = 16*t - 6. Let s(u) = 2*i(u) + 11*y(u). Let p be s(-5). Suppose b - 10 = -p. What are the prime factors of b?
2, 3
Suppose -2*l + 10 + 0 = 0. Suppose -l*f = -2*g + 342, 3*f = -3*g - 0*f + 534. Let i = 246 - g. What are the prime factors of i?
2, 5, 7
List the prime factors of (-177)/(-2) + (-63)/(-42).
2, 3, 5
List the prime factors of (-1 + 1 + 1)/(-1) - -537.
2, 67
Suppose 4*t - 8*t + 44 = 3*r, -11 = -2*r + t. Let z be r/(-5)*(-70)/4. Suppose -z + 4 = -j. List the prime factors of j.
2, 3
Let f(r) = -3*r**2 + 5*r**3 - 9*r**2 + 2*r**2 - 15 - 4*r**3 - 4*r. What are the prime factors of f(11)?
2, 31
Suppose -9780 = -4*a - 8*a. What are the prime factors of a?
5, 163
Let g = -195 + 694. List the prime factors of g.
499
Suppose 3*f = u + f + 4, 20 = -5*u - 5*f. Let b be 18*u/(-40)*5. Let l(z) = 8*z - 11. What are the prime factors of l(b)?
61
Let a(o) = -312*o - 104. List the prime factors of a(-3).
2, 13
Let w be 4/(-16) - (351/(-12) - 1). What are the prime factors of 5*18/12*56/w?
2, 7
Let a(t) = 53*t**2 - 6*t - 1. Let q = 117 - 119. What are the prime factors of a(q)?
223
Let t(z) = z**2 - 2*z + 72. What are the prime factors of t(-21)?
3, 5, 37
Suppose -3*x - 4*k + 2*k = -23, 5*x - k = 21. Suppose w + 5 = 10, 5*n + x*w = 85. List the prime factors of n.
2, 3
Suppose 56 = 8*q - 12*q. Let b = -12 - q. Suppose -5*r - b*x + 7*x = -35, -3*r + 5*x + 21 = 0. List the prime factors of r.
7
Suppose -5*z - 2*q = -38, 14 = z - 0*q + 2*q. Suppose 3*i - z = i. What are the prime factors of i?
3
Suppose -308 = 4*i + 52. List the prime factors of -4*4/8 - i.
2, 11
Suppose 4*f + 2*x - 11 = 189, -2*f = -3*x - 116. Suppose -l - 2*s + f = -s, -3*l + 5*s = -164. List the prime factors of l.
53
Let y(z) = 4*z + 5. Let o(g) = -g. Let u(t) = 3*o(t) + y(t). List the prime factors of u(3).
2
Suppose 3301 = 5*t + a, 2*t - 4*a + 496 - 1834 = 0. Suppose 0 = -5*z + 239 + t. List the prime factors of z.
2, 3, 5
Let a(d) = -7*d**3 - 8*d**2 - 13*d + 10. Let w(h) = -20*h**3 - 23*h**2 - 38*h + 30. Let c(q) = -17*a(q) + 6*w(q). What are the prime factors of c(-5)?
2, 3, 5
Let l = 42 - 38. Suppose d + 4*j - 24 = 46, -l*d = -2*j - 226. List the prime factors of d.
2, 29
Suppose 5*i - 7*i = -5*i. Let u = -2 + 5. Suppose -5*k - 3*b + 230 = i, u*b + 27 = 2*k - 86. What are the prime factors of k?
7
Let f be 20 - (1 + (-3)/3). Let a = 18 - f. Let r(v) = -25*v - 5. List the prime factors of r(a).
3, 5
Let k(y) = -y**3 + 4*y**2 - 3*y + 4. Let v be k(3). Let p(c) = c**3 - 5*c**2 - 4*c + 1. Let i be p(v). What are the prime factors of (-6 + i)*(-1 - 0)?
37
Let o(h) = -h**2 - h + 8. Let a be o(0). Suppose -z = -5*f - 0 - 29, -2*f - 22 = -3*z. Let s = a - f. List the prime factors of s.
13
Suppose 459 = j - 0*q - 2*q, -3*q = -5*j + 2281. What are the prime factors of j?
5, 7, 13
Let m = -26 - -96.